What is the highest common divisor of 848 and 14526664?
424
Calculate the highest common divisor of 1071868 and 2212.
28
What is the highest common factor of 50020 and 74680?
20
What is the highest common divisor of 82 and 405096810?
82
Calculate the greatest common factor of 29739584 and 56.
56
Calculate the highest common factor of 16 and 52622032.
16
What is the highest common divisor of 5436135 and 326885?
535
What is the greatest common divisor of 1152 and 2919636?
36
Calculate the greatest common divisor of 172470 and 8265.
15
What is the highest common factor of 44 and 51794744?
4
Calculate the greatest common divisor of 143 and 3788939.
11
What is the greatest common factor of 451243 and 322699?
1339
What is the highest common divisor of 11027255 and 80?
5
What is the greatest common factor of 167732 and 133?
19
Calculate the highest common divisor of 14 and 15245370.
14
What is the highest common divisor of 2407380 and 5760?
60
What is the greatest common divisor of 16123697 and 59?
59
What is the highest common divisor of 16 and 40832460?
4
Calculate the greatest common divisor of 61230 and 230685.
195
What is the highest common divisor of 812 and 1835428?
28
What is the greatest common divisor of 352375 and 96750?
125
Calculate the highest common factor of 132 and 73271.
11
What is the highest common divisor of 3482180 and 1820?
260
What is the highest common factor of 759 and 258146526?
759
Calculate the highest common factor of 120 and 5869245.
15
What is the greatest common factor of 544226 and 10?
2
What is the highest common factor of 118 and 3776360?
2
Calculate the highest common divisor of 4150785 and 1260977.
1657
Calculate the highest common factor of 1708702 and 14.
2
What is the greatest common divisor of 18 and 4533922062?
18
Calculate the greatest common factor of 60 and 24964580.
20
What is the highest common divisor of 2171844 and 1419?
129
What is the greatest common factor of 642 and 384439551?
321
Calculate the highest common factor of 1360 and 521373.
17
Calculate the greatest common divisor of 910755 and 29828457.
4923
What is the highest common factor of 19305 and 312022854?
3861
Calculate the greatest common divisor of 228 and 15333798.
114
Calculate the greatest common factor of 55507 and 4902331.
1181
Calculate the highest common divisor of 8003 and 347753.
151
What is the highest common factor of 146836 and 436?
4
Calculate the highest common divisor of 29400 and 58216900.
4900
What is the greatest common divisor of 208 and 3114896?
16
What is the greatest common divisor of 692 and 1356373284?
692
Calculate the greatest common factor of 39890 and 128808799.
3989
Calculate the greatest common factor of 10234 and 2889796.
238
What is the highest common divisor of 139410920 and 44?
44
Calculate the highest common factor of 27 and 427319415.
27
Calculate the highest common divisor of 85 and 122923685.
85
What is the greatest common divisor of 84397 and 269989?
37
Calculate the greatest common factor of 208192480 and 165360.
4240
Calculate the highest common factor of 980 and 190305.
5
Calculate the highest common factor of 6537 and 11723020.
2179
Calculate the greatest common factor of 43213749 and 34616.
4327
What is the highest common divisor of 1541763 and 963?
963
Calculate the greatest common factor of 2980404 and 196.
28
Calculate the greatest common factor of 802985 and 533.
41
What is the greatest common divisor of 71299 and 874717?
1739
What is the greatest common divisor of 450 and 582597?
9
Calculate the greatest common factor of 5740 and 43786820.
140
Calculate the greatest common factor of 160 and 21463280.
80
Calculate the highest common factor of 4920720 and 284214.
4242
What is the greatest common divisor of 4724960 and 20480?
160
What is the greatest common factor of 1908321 and 6?
3
Calculate the highest common factor of 285310392 and 32.
8
Calculate the greatest common factor of 305967309 and 11169.
3723
What is the greatest common factor of 22549274 and 2097?
233
What is the greatest common factor of 60 and 21600420?
60
What is the highest common divisor of 161 and 2330176?
23
What is the highest common divisor of 98649 and 2825?
113
Calculate the greatest common divisor of 15470868 and 24.
12
Calculate the highest common factor of 365428110 and 3180.
1590
What is the greatest common divisor of 26628705 and 375?
15
What is the highest common divisor of 152 and 54290448?
152
Calculate the greatest common factor of 60 and 1136158410.
30
What is the greatest common factor of 208 and 420628?
52
Calculate the highest common divisor of 2221822 and 10901.
991
Calculate the highest common divisor of 3770806 and 130.
26
What is the greatest common factor of 406063812 and 660?
132
What is the greatest common factor of 99 and 57235497?
33
What is the greatest common factor of 1826 and 9156975?
83
What is the greatest common divisor of 1391280 and 54672?
816
Calculate the highest common factor of 23679586 and 608.
38
Calculate the highest common divisor of 10899 and 149973873.
3633
What is the greatest common factor of 47789534 and 104?
26
Calculate the highest common factor of 15992 and 23588.
4
Calculate the greatest common divisor of 378271 and 38.
19
What is the highest common divisor of 3074807 and 18632?
17
Calculate the greatest common factor of 9 and 107257062.
3
What is the greatest common divisor of 12525179 and 207?
23
What is the greatest common divisor of 1104285 and 175?
35
What is the greatest common divisor of 284816 and 896?
112
What is the greatest common divisor of 32349 and 143541?
123
Calculate the greatest common factor of 8612141 and 3676848.
10943
Calculate the highest common factor of 6159 and 124920944.
2053
What is the greatest common divisor of 235640 and 5324505?
685
What is the highest common divisor of 3140940 and 120?
60
What is the greatest common factor of 581728 and 40439?
371
What is the highest common divisor of 512 and 2083392?
64
Calculate the highest common divisor of 51772224 and 7056.
2352
What is the greatest common factor of 22500531 and 135?
27
What is the greatest common factor of 214662 and 11886?
42
Calculate the greatest common factor of 120 and 453927980.
20
Calculate the highest common factor of 48351870 and 154.
14
Calculate the highest common factor of 54635 and 798340.
1115
Calculate the greatest common factor of 1944610544 and 32.
16
Calculate the highest common factor of 90002458 and 28.
14
Calculate the highest common divisor of 8834 and 242445.
7
Calculate the highest common factor of 8860338 and 5.
1
What is the highest common divisor of 193173 and 38589?
57
Calculate the highest common divisor of 26 and 40062347.
13
Calculate the greatest common divisor of 25650990 and 90.
90
What is the highest common divisor of 42888 and 1326?
6
What is the highest common factor of 415579200 and 96?
96
What is the greatest common divisor of 6740 and 8064410?
3370
Calculate the highest common divisor of 15134 and 30751.
161
What is the greatest common divisor of 64293 and 20394183?
2217
Calculate the greatest common divisor of 803517644 and 62.
62
Calculate the highest common divisor of 79749246 and 116.
58
Calculate the highest common factor of 1302 and 1517481.
651
What is the highest common divisor of 405164 and 12725?
509
What is the greatest common divisor of 2128 and 45471636?
532
Calculate the highest common factor of 122931 and 182561013.
4239
Calculate the highest common divisor of 12420073 and 212.
53
What is the highest common divisor of 170507 and 37909?
167
Calculate the highest common divisor of 5434481 and 3309.
1103
What is the highest common divisor of 48153274 and 52?
26
What is the greatest common factor of 8388 and 116352?
36
What is the highest common factor of 99035394 and 1416?
354
Calculate the greatest common factor of 1375162317 and 43.
43
Calculate the highest common factor of 12395532 and 36.
12
Calculate the greatest common factor of 107783662 and 1015.
203
What is the highest common factor of 6051484 and 92?
92
Calculate the greatest common divisor of 20 and 226544.
4
What is the greatest common factor of 12780312 and 91200?
456
Calculate the greatest common factor of 22768832 and 384.
64
Calculate the highest common factor o